 (7 + 0)) + -11?
-13
-3 + 1 - -42 - 0
40
Calculate -6 - (28 - -12) - -48.
2
(62 - 57) + (-1 - -1 - 10) - 9
-14
8 + (5 - 2) + -11 - 0
0
Calculate (-57 + 25 - -17) + 41.
26
Evaluate 12 + (-9 - (-11 + 1)).
13
Evaluate 7 + -17 + 6 + 19.
15
Calculate 13 + (-29 + 46 - 27).
3
21 + 7 + -16 + (-3 - (4 - 4))
9
0 + 7 + 1 + (13 + -6 - 6)
9
Calculate -1 - (1 + (21 - 41)).
18
-3 + 5 + 2 - (1 + 5) - -22
20
Calculate (-3 - (-3 + 4)) + 20 + (-10 - -11).
17
Calculate 11 - (12 + -8 + 2).
5
What is 4 + (7 - 12 - -5)?
4
What is -2 - -2 - 1 - (-35 + -11 - -59)?
-14
What is the value of -4 - 0 - 1 - (16 - 22)?
1
15 + (-11 + 8 - -2)
14
What is -23 + 2 + 0 + 6 + (6 - 10)?
-19
Calculate 2 - (-3 + 0) - (3 - (-5 - 7)).
-10
What is the value of -7 - (-21 + 33 + -47)?
28
Calculate 8 - ((38 + -42 - (-1 - 20)) + 3).
-12
What is the value of (-5 - 11) + 20 + -1 + 17?
20
(-26 - -14) + -7 - 3
-22
What is the value of -16 + 19 + -8 - (6 - -17)?
-28
Calculate -23 + (13 - (-14 + 22)).
-18
Calculate -16 + 9 - (6 - 11).
-2
Calculate (-11 - (-12 + -11 - -4)) + -23.
-15
14 + 9 + 3 + -22 - 34
-30
What is the value of 4 + 7 + -3 + 9 + 6 - 8?
15
Calculate 9 - (10 + -4 - (4 - (9 + -3))).
1
Calculate -1 - 1 - (12 + 1) - -2.
-13
What is the value of -34 + (-12 - (-10 + -53))?
17
What is -3 + (-1 - 4 - -6) + 5 - 4?
-1
Calculate -14 + 1 + (20 - 40 - -27).
-6
What is -2 + -21 - (4 - ((2 - -1) + 5))?
-19
Evaluate 19 - (-16 + (7 - -15) + (2 - 9)).
20
What is (2 - (-1 + -11)) + -10 + 5?
9
What is the value of 2 - ((10 - 8) + -16 - 19)?
35
5 - (-13 - -11 - -29)
-22
What is the value of -2 + -1 - (-24 + (12 - 1) - -12)?
-2
What is 17 + (28 - 19) - 20?
6
What is the value of 6 + 2 + (5 + -1 - (-16 - -25))?
3
What is -2 + 9 + (3 - (2 - (-6 + -10)))?
-8
Evaluate -26 + (13 - 6) + -1 + -10 + 10.
-20
Calculate (-2 - -29 - 19) + -3.
5
15 - (-4 + -14 + -15 + 16)
32
What is the value of (49 - 92) + 22 - 15?
-36
(179 - 174) + (2 - (4 - -24))
-21
Evaluate (-3 - (-7 - -3)) + 6.
7
Calculate -7 + 7 + 6 + -1 - (5 - -4).
-4
What is -1 + -7 - ((-26 - -44) + -16)?
-10
Evaluate (-9 + 4 - 28) + 30.
-3
Evaluate 2 - -1 - (10 + 7 - 20).
6
6 - (5 + -1 + -11) - 2
11
-32 + 28 + 0 + -2 + -4
-10
(1 - (-10 + 4 - -5)) + -2 - 4
-4
What is the value of (-12 + 5 + -5 - -21) + -1 + -38?
-30
(-5 + 5 - -15) + -11 + 0
4
What is the value of -21 - 2 - (-257 - -245)?
-11
What is 0 + 15 + (-11 - (-27 - -9) - 10)?
12
What is -1 - 5 - (-3 - 1) - (-23 + 19)?
2
Calculate -7 - (-3 + -2 - (143 + -161)).
-20
What is the value of 3 + (17 - 1) + -252 + 220?
-13
-5 + 13 - (-4 + 5 + -8 + 5)
10
Calculate -3 + -9 - (-107 + 92) - 28.
-25
Evaluate -6 - (-19 - (-8 - 0)).
5
What is the value of 34 - ((22 - (19 + -1)) + (0 - -6))?
24
Calculate 12 - (35 - 14) - (-21 + 5 - -6).
1
What is (-5 + 9 + -5 - (-1 + -14)) + -3?
11
Evaluate 2 + (0 - 0) - ((-11 - 8) + 13).
8
Calculate 2 - 3 - (-1 + 7 + 6).
-13
What is -13 + 11 + 15 + -8?
5
Calculate (-4 - (-2 - -3)) + -16 + 0 + 16.
-5
Evaluate -13 - ((-2 - 20) + 11 + 4).
-6
Calculate -18 + 18 - (0 - -2).
-2
Calculate 7 + (-8 - (-29 - -4) - 19).
5
-5 - 26 - (-65 - -65)
-31
-2 - (12 - 14 - -7 - 29)
22
-1 + 1 + 1 - (275 + -270)
-4
Calculate 15 - 5 - 14 - 4.
-8
Evaluate -17 + (14 - -16 - 17).
-4
What is the value of -6 + -1 + -8 + (20 - 8)?
-3
Evaluate 8 - 2 - (-6 - (19 - 44)).
-13
Evaluate (1 - -42) + (44 - 13 - 48).
26
What is the value of -2 + (-4 - -5) + (-7 - (-1 + -4))?
-3
Calculate 33 - 31 - (6 - -7).
-11
Evaluate 4 + 2 + (1 - 0) - (1 + 9).
-3
What is the value of (14 - (-10 + 24)) + -9?
-9
Calculate 13 + -23 - 3 - -6.
-7
Evaluate (-914 - -923) + -1 + 2 + -19.
-9
What is the value of (-15 - -10 - -1) + 15 + -3 + -1?
7
What is 18 + -36 + (8 - 1)?
-11
Calculate -22 - -51 - 31 - 3.
-5
What is the value of 2 + 7 - 12 - 9 - -7?
-5
18 - (-4 + -10 - -7)
25
What is the value of 2 - 8 - (4 + 0 + 1 + 2)?
-13
Calculate -2 + -5 - ((-1 + -6 - -1) + -11).
10
What is 11 - 2 - 3 - 0 - (-3 - -26)?
-17
(1 - (-1 + 14)) + 13
1
(1 - (-3 + 3)) + -7 + (28 - 19)
3
Evaluate (16 - ((1 - 2) + 7)) + -8.
2
What is the value of -15 + (-4 - -4) - (8 - 14)?
-9
What is -39 - (14 - 34) - -38?
19
What is 52 + -64 + (16 - 1)?
3
Calculate -2 + 2 + 0 - (-16 + 16).
0
What is the value of -6 - (8 + -30) - 2?
14
What is the value of -6 + -26 + 6 + (4 - -2) + -3?
-23
What is the value of -55 - -46 - ((3 - 6) + 13) - 1?
-20
What is (2 - (1 - 0) - 13) + 11 + -4?
-5
What is (-38 - -47) + 2 + -2 + -3 - 0?
6
6 - (2 + (-4 + -2 + 5 - -2))
3
What is the value of -9 + -31 + 10 + -2 - (-7 + -1)?
-24
What is (5 - 22 - -16) + -4?
-5
Evaluate -6 + 0 + (-7 - (26 + (10 - 26))).
-23
What is -4 + -2 + 0 + (-6 - -5) - -1?
-6
Evaluate 6 - (-2 - (7 - 10)) - 6.
-1
Evaluate -5774 + 5775 + (1 - (-1 - -14)).
-11
-40 + 24 + (22 - 6)
0
What is the value of -60 - (-50 - 10) - (-5 - (2 + -1))?
6
What is 4 + -14 + (-56 - -44)?
-22
-2 + 23 + -10 + -1 + 8 + 1
19
(14 - -6) + (-27 - -13)
6
What is the value of (-35 - -42) + -4 + -2?
1
-11 - (-23 - -14) - (5 - (6 + -2))
-3
Calculate -13 + (-6 - -19) + 17.
17
What is the value of -9 - ((2 - (14 + -35)) + -15)?
-17
Calculate 18 - 1 - (374 + -365).
8
Calculate (8 - -7) + (5 - (0 - 5 - 0)).
25
1 + -2 + (-7 + 29 - 16)
5
Calculate (4 - 7 - 21 - -3) + (-3 - -8).
-16
What is the value of -10 + 18 - 6 - 18?
-16
3 - (3 + (1 - 5) - 0)
4
What is the value of (-2 - (-12 + -20 - -11)) + 1?
20
Calculate 5 + (-17 - -9 - (9 - 1)).
-11
Evaluate -1 + (5 - 8) + 15.
11
What is -13 + -4 - ((-11 - 2) + 6)?
-10
3 - (-8 + 0 + 15 - 16)
12
What is the value of (-2 + 2 - 6) + -191 + 198?
1
What is (-29 - 1) + (-12 - -22) - -6?
-14
Evaluate 13 - 10 - (-4 - 2).
9
What is the value of -52 - (7 - (-23 + 61))?
-21
Calculate -26 - (31 + -87 - -15).
15
What is -1 - (1 - (-32 - -43))?
9
17 + 3 - (-62 + 68)
14
Calculate -4 + 2 + 9 + -10 + 3 + 12.
12
What is 2 + (-7 + 17 - 16) + -1 + 12?
7
-1 + 4 + 11 + -24 + 0
-10
Calculate 56 - 46 - (-1 - -3).
8
-4 - (19 - 3) - (-6 + (14 - -2))
-30
What is -7 - (-48 + 29 + 37)?
-25
What is (1 - (-14 - -11)) + 29 + -10?
23
Evaluate -323 + 324 + (0 - 1).
0
Evaluate 2 - 8 - (16 - (17 - -12)).
7
What is the value of -8 + -46 + 34 - (1 + 12)?
-33
0 + -6 + -3 + 12 + -10
-7
Evaluate -6 - ((3 - 0) + -14 - -20).
-15
Evaluate (7 - 6) + (-11 - 1).
-11
What is 3 + (-5 - (16 - (-2 + -4 - -13)))?
-11
-1 + -8 + (14 - -17) + 3 + -6
19
-5 - ((62 - 61 - (-1 + 12)) + 19)
-14
Calculate (-2 + -7 - -19) + (-45 - -7).
-28
What is (-2 - 13) + (-12 + 3 - -13) + 6?
-5
Evaluate (2 - -3) + (-45 - -28).
-12
Evaluate -22 + (-3 - (-11 + 14 + -16)).
-12
Calculate 31 + -38 - (4 + -6 + -1 + 6).
-10
(5 - 2) + (-2 - 1) + 8
8
Calculate 6 - (3 - 9 - 0 - -3).
9
What is -6 + 16 + -6 + -3 + 0 + -12?
-11
What is -9 + (0 - -1) - (-1 + 0 + 12)?
-19
What is (-84 - -2) + (-761 - -805)?
-38
Evaluate 8 - 3 - 1 - (-2 + 7).
-1
Evaluate 13 + -17 + -8 - -25.
13
What is the value of 27 + -16 - (6 + 28 + 0 + 3)?
-26
21 - (5 + (6 - -3) + -6)
13
What is -21 - (-6 + -3 + 2 - (-1 - 0))?
-15
(-10 - (7 + -15)) + 1 + (-2 - -3)
0
What is the value of -20 - -3 - -16 - (2 + -4)?
1
Evaluate 9 + -1 + (-32 - (-2 - -1)).
-23
What is the value of -7 - (5 + -10 - 14)?
12
What is the value of 30 - 29 - (-6 - -17)?
-10
Evaluate (49 + -29 - 45) + 6.
-19
Calculate (15 - (24 + -11)) + -21.
-19
What is -10 - (0 + 3 - (-34 - -34))?
-13
Calculate (4 - (5 - -6 - 2)) + -19 + 14.
-10
What is the value of (1 - -44 - (-42 - -48)) + -1?
38
Calculate -7 - ((-4 - 16 - (0 + -6)) + 6).
1
Evaluate -2 + -6 + (-12 - -18) + 10.
8
Calculate 364 + -355 + (-3 - 1 - (2 - 1)).
4
Evaluate 9 - (-5 + (10 - 3) + -6).
13
What is 2 - 0 - (-448 - -463)?
-13
Calculate 0 + 7 + -10 + -5 + 0.
-8
Evaluate 0 + (0 - 2) + 262 + -259 - 1.
0
Calculate (1 - (-5 + -6 + 7) - 2) + 9.
12
Evaluate (8 - ((-7 - -10) + 0 + -21)) + -7.
19
-16 + -2 + -29 + 44 + 0 + -22
-25
-4 + 10 + 1 - (-4 - 3 - -13)
1
Calculate (13 - 1) + (-2 - -9) + -13.
6
What is the value of 0 + -4 - (0 + 0 + 0 + -17)?
13
Evaluate (-3 - 1) + -2 - (-29 - -8).
15
What is 20 - (62 - (21 + 4))?
-17
What is 5 + (-5 - 0) + (-95 - -76)?
-19
What is (-8 - -20) + -5 - (-10 - -6)?
11
0 + -5 + 3 + (-1 - -6)
3
Evaluate -468 + 472 + (-18 - 0).
-14
-2 - (-5 + (-37 - -6 - -17))
17
-283 + 291 + -4 + 0 + (-3 - -2)
3
What is the value of -4 + 2 + -20 + 25 + (-3 - -2)?
2
-28 + 6 - 2 - (-5 + 0)
-19
Evaluat